{"id":11,"date":"2014-06-03T16:44:33","date_gmt":"2014-06-03T16:44:33","guid":{"rendered":"http:\/\/www.beyazhosting.com\/tek\/?page_id=11"},"modified":"2022-03-19T00:42:19","modified_gmt":"2022-03-18T21:42:19","slug":"anasayfa","status":"publish","type":"page","link":"https:\/\/www.protestankiliseler.org\/","title":{"rendered":"Anasayfa"},"content":{"rendered":"<p>[vc_row][vc_column css=&#8221;.vc_custom_1558173443178{margin-bottom: -20px !important;}&#8221;][vc_images_carousel images=&#8221;702,701&#8243; img_size=&#8221;full&#8221; onclick=&#8221;link_no&#8221; autoplay=&#8221;yes&#8221; hide_pagination_control=&#8221;yes&#8221; hide_prev_next_buttons=&#8221;yes&#8221;][\/vc_column][\/vc_row][vc_row css=&#8221;.vc_custom_1402576823876{margin-bottom: 0px !important;padding-bottom: 0px !important;}&#8221;][vc_column width=&#8221;1\/2&#8243; css=&#8221;.vc_custom_1402563663152{padding-right: 10px !important;padding-bottom: 10px !important;padding-left: 10px !important;}&#8221;][vc_single_image image=&#8221;1025&#8243; img_size=&#8221;full&#8221; alignment=&#8221;center&#8221; onclick=&#8221;custom_link&#8221; css=&#8221;.vc_custom_1601998892961{margin-bottom: 20px !important;border-top-width: 0px !important;border-right-width: 0px !important;border-bottom-width: 1px !important;border-left-width: 0px !important;padding-top: 6px !important;padding-right: 0px !important;padding-bottom: 0px !important;padding-left: 0px !important;border-left-color: #333333 !important;border-left-style: none !important;border-right-color: #333333 !important;border-right-style: none !important;border-top-color: #333333 !important;border-top-style: none !important;border-bottom-color: #333333 !important;border-bottom-style: none !important;}&#8221; link=&#8221;http:\/\/www.protestankiliseler.org\/?page_id=617&#8243;][vc_single_image image=&#8221;558&#8243; img_size=&#8221;280&#215;47&#8243; css=&#8221;.vc_custom_1402576703958{margin: 0px 0px 5px !important;border-width: 0px 0px 1px !important;padding: 0px !important;border-color: #333333 !important;border-style: dotted !important;}&#8221;][vc_column_text css=&#8221;.vc_custom_1404765747086{margin-bottom: 15px !important;padding: 30px !important;background-color: #d6f5e4 !important;}&#8221;]Protestan Kiliseler Derne\u011fi, T\u00fcrkiye&#8217;deki yerel Protestan Kiliseler aras\u0131ndaki i\u015fbirli\u011fini 1980&#8217;lerin sonlar\u0131nda d\u00f6nemin kilise \u00f6nderlerinin bir araya gelmesi ile ba\u015flatt\u0131. Bir &#8216;Temsilciler Kurulu&#8217; (TeK) olarak ba\u015flayan bu birlik 1990&#8217;l\u0131 y\u0131llar\u0131n sonunda cemaatin b\u00fcy\u00fcmesi ve artan Hristiyanl\u0131k kar\u015f\u0131t\u0131 yay\u0131n ve propagandalara kar\u015f\u0131 yap\u0131sal ivme kazand\u0131. Zaman i\u00e7inde T\u00fcrkiye&#8217;de bulunan yerel Protestan Kiliselerin b\u00fcy\u00fck k\u0131sm\u0131 bu birlik i\u00e7inde yer ald\u0131.<\/p>\n<p>Eski dernek yasalar\u0131ndaki s\u0131n\u0131rlamalar nedeniyle uzun y\u0131llar TeK\u2019in resmi makamlar \u00f6n\u00fcnde temsil sorunu olmu\u015ftur. Son y\u0131llarda Dernekler Kanunu\u2019nun de\u011fi\u015fmesi ile dernek kurulmas\u0131na karar verilmi\u015ftir. Protestan Kiliseler Derne\u011fi, \u0130zmir merkezli olarak 23.01.2009 tarihinde 35-049-108 k\u00fct\u00fck numaras\u0131 ile kurulmu\u015ftur.[\/vc_column_text][vc_custom_heading text=&#8221;2021 Hak \u0130hlalleri \u0130zleme Raporu&#8221; font_container=&#8221;tag:h3|text_align:center|color:%23ffffff&#8221; google_fonts=&#8221;font_family:Open%20Sans%3A300%2C300italic%2Cregular%2Citalic%2C600%2C600italic%2C700%2C700italic%2C800%2C800italic|font_style:700%20bold%20regular%3A700%3Anormal&#8221; css_animation=&#8221;fadeIn&#8221; link=&#8221;url:http%3A%2F%2Fwww.protestankiliseler.org%2F%3Fp%3D1072|title:2020%20Hak%20%C4%B0hlalleri%20%C4%B0zleme%20Raporu||&#8221; css=&#8221;.vc_custom_1647639734083{padding-top: 10px !important;padding-bottom: 10px !important;background-color: #ba2a2a !important;border-radius: 2px !important;}&#8221;][vc_custom_heading text=&#8221;2021 Human Rights Violations Report&#8221; font_container=&#8221;tag:h3|text_align:center|color:%23ffffff&#8221; google_fonts=&#8221;font_family:Open%20Sans%3A300%2C300italic%2Cregular%2Citalic%2C600%2C600italic%2C700%2C700italic%2C800%2C800italic|font_style:700%20bold%20regular%3A700%3Anormal&#8221; link=&#8221;url:http%3A%2F%2Fwww.protestankiliseler.org%2F%3Fp%3D1075|title:2020%20Human%20Rights%20Violations%20Report||&#8221; css=&#8221;.vc_custom_1647639602813{padding-top: 10px !important;padding-bottom: 10px !important;background-color: #1b4eb5 !important;}&#8221;][\/vc_column][vc_column width=&#8221;1\/2&#8243;][vc_single_image image=&#8221;548&#8243; img_size=&#8221;300&#215;59&#8243; css=&#8221;.vc_custom_1402564583307{margin: 0px 0px 5px !important;border-width: 0px 0px 1px !important;padding: 0px !important;border-color: #333333 !important;border-style: dotted !important;}&#8221;][vc_widget_sidebar sidebar_id=&#8221;sidebar-alt&#8221;][\/vc_column][\/vc_row]<\/p>\n","protected":false},"excerpt":{"rendered":"<p>[vc_row][vc_column css=&#8221;.vc_custom_1558173443178{margin-bottom: -20px !important;}&#8221;][vc_images_carousel images=&#8221;702,701&#8243; img_size=&#8221;full&#8221; onclick=&#8221;link_no&#8221; autoplay=&#8221;yes&#8221; hide_pagination_control=&#8221;yes&#8221; hide_prev_next_buttons=&#8221;yes&#8221;][\/vc_column][\/vc_row][vc_row css=&#8221;.vc_custom_1402576823876{margin-bottom: 0px !important;padding-bottom: 0px !important;}&#8221;][vc_column width=&#8221;1\/2&#8243; css=&#8221;.vc_custom_1402563663152{padding-right: 10px !important;padding-bottom: 10px !important;padding-left: 10px !important;}&#8221;][vc_single_image image=&#8221;1025&#8243; img_size=&#8221;full&#8221; alignment=&#8221;center&#8221; onclick=&#8221;custom_link&#8221; css=&#8221;.vc_custom_1601998892961{margin-bottom: 20px !important;border-top-width: 0px !important;border-right-width: 0px !important;border-bottom-width: 1px !important;border-left-width: 0px !important;padding-top: 6px !important;padding-right: 0px !important;padding-bottom: 0px !important;padding-left: 0px !important;border-left-color: #333333 !important;border-left-style: none !important;border-right-color: #333333 !important;border-right-style: none !important;border-top-color: #333333 [&hellip;]<\/p>\n","protected":false},"author":1,"featured_media":0,"parent":0,"menu_order":0,"comment_status":"open","ping_status":"open","template":"","meta":{"_genesis_hide_title":false,"_genesis_hide_breadcrumbs":false,"_genesis_hide_singular_image":false,"_genesis_hide_footer_widgets":false,"_genesis_custom_body_class":"","_genesis_custom_post_class":"","_genesis_layout":"full-width-content"},"_links":{"self":[{"href":"https:\/\/www.protestankiliseler.org\/index.php?rest_route=\/wp\/v2\/pages\/11"}],"collection":[{"href":"https:\/\/www.protestankiliseler.org\/index.php?rest_route=\/wp\/v2\/pages"}],"about":[{"href":"https:\/\/www.protestankiliseler.org\/index.php?rest_route=\/wp\/v2\/types\/page"}],"author":[{"embeddable":true,"href":"https:\/\/www.protestankiliseler.org\/index.php?rest_route=\/wp\/v2\/users\/1"}],"replies":[{"embeddable":true,"href":"https:\/\/www.protestankiliseler.org\/index.php?rest_route=%2Fwp%2Fv2%2Fcomments&post=11"}],"version-history":[{"count":130,"href":"https:\/\/www.protestankiliseler.org\/index.php?rest_route=\/wp\/v2\/pages\/11\/revisions"}],"predecessor-version":[{"id":1083,"href":"https:\/\/www.protestankiliseler.org\/index.php?rest_route=\/wp\/v2\/pages\/11\/revisions\/1083"}],"wp:attachment":[{"href":"https:\/\/www.protestankiliseler.org\/index.php?rest_route=%2Fwp%2Fv2%2Fmedia&parent=11"}],"curies":[{"name":"wp","href":"https:\/\/api.w.org\/{rel}","templated":true}]}}